and b?
5
Let f = 768 - 536. What is the highest common divisor of 72 and f?
8
Suppose -4*f = -2*d - 1407 + 281, 0 = 5*f + 4*d - 1375. Calculate the greatest common factor of f and 18.
9
Suppose -3*k - 27 = 144. Let s = 58 - k. Let w(z) = z**3 + 57*z**2 + 57*z + 102. Let c be w(-56). What is the greatest common factor of c and s?
23
Let h be 9/5 - -1 - (-7)/35. Suppose -4*f + 12 = 0, -3*f - 75 = -h*w - 8*f. What is the highest common factor of 8 and w?
4
Let w be (-2)/((-184)/122828) - 34/391. What is the greatest common factor of 15 and w?
15
Let n = 5 + -1. Let z(s) = 3 - 2 + 2*s - 16 + 4. Let j be z(6). Calculate the greatest common divisor of n and j.
1
Suppose 4*h = -3*l + 1, 2*l - 5*h + 2*h + 5 = 0. Let i be (-3 + -1)*(0 + l). What is the highest common factor of i and 10?
2
Let f be 441/(-2)*108/(-81). Calculate the highest common factor of 63 and f.
21
Let s(o) = 3*o + 43. Let y be s(-12). What is the highest common divisor of 35 and y?
7
Suppose -2*j + 806 = 28*o - 24*o, 0 = 3*o - 5*j - 624. Calculate the highest common factor of o and 58.
29
Let o = -168 + 452. Suppose -o = -2*t - 24. Calculate the greatest common divisor of t and 26.
26
Let c = -790 - -860. Calculate the greatest common factor of 574 and c.
14
Suppose -6 - 24 = -5*h. Suppose -3*n + q = 12 - 43, 3*n + 3*q - 15 = 0. Calculate the highest common divisor of n and h.
3
Let t(p) = -p**3 - 19*p**2 + 21*p + 29. Let b(z) = -21*z**2 - 2*z + 2. Let o be b(1). Let r be t(o). Calculate the greatest common divisor of r and 47.
47
Suppose -5*v = -68 - 32. Suppose -z - 3*r + 172 = r, 0 = -4*z - 5*r + 655. What is the greatest common factor of z and v?
20
Suppose 5*z + 4*b = 46, 0*b + 24 = 2*z + 3*b. Suppose 15 = -o + z*o. Let c = o + 13. What is the highest common divisor of 176 and c?
16
Suppose 4*m = -5*y + 11, -m + 3*y + 15 = 2*m. Let c be 3 - (0 - 17) - m. Calculate the greatest common divisor of 80 and c.
16
Let k = -9 + 0. Let o = k - -105. Calculate the highest common factor of o and 12.
12
Let x = -166 - -167. Let c be (-280)/(-49) - x/((-14)/4). What is the highest common divisor of 27 and c?
3
Suppose -4*v + 2*r - 5*r + 123 = 0, -r + 59 = 2*v. Let c = 53 - 38. Let z be (-108)/(-10)*c/6. Calculate the greatest common divisor of v and z.
27
Let v(u) = u**3 - 12*u**2 - 2*u - 134. Let t be v(13). Calculate the greatest common divisor of t and 207.
9
Let j = -2 + 9. Let g be (-28)/(-3)*(-12 - 765/(-60)). What is the greatest common divisor of j and g?
7
Suppose -5*n + 180 = 2*z, 2*z + 144 = 4*n - 3*z. Suppose 5*p + 75 = 5*q, 3*q - 6*q + 5*p + 51 = 0. What is the greatest common divisor of q and n?
12
Let y(i) = 2*i**2 + 5. Let x be y(8). What is the greatest common factor of x and 57?
19
Suppose q + 8*l = 6*l + 179, -2*q - 3*l = -362. Let v = -20 - -37. What is the highest common factor of q and v?
17
Suppose h + 3*h = 68. Suppose 0 = 3*f - h - 7. Suppose 0 = 7*a - 38 + 24. Calculate the greatest common factor of f and a.
2
Suppose 2262 = 33*j - 4*j. Calculate the greatest common divisor of 48 and j.
6
Suppose -6 = -4*m + 10. Let a(v) = 2*v**2 - 5*v - v**3 + 4*v**2 - 19 + 16. Let c be a(m). What is the greatest common factor of c and 45?
9
Let l be 3 + 1236/22 - 8/44. Suppose 2*v - 391 = l. Calculate the greatest common factor of 25 and v.
25
Let b be ((-10)/30)/((-2)/96). Suppose 3*g - 5*g + 20 = -5*l, -4*g = 3*l - 92. Let s = 60 + g. Calculate the greatest common divisor of s and b.
16
Let q = 23 - 5. Let b = 66 + -63. Suppose 2*r + d = 106, b*d = 2*r - 5*r + 156. What is the greatest common divisor of r and q?
18
Suppose -4*w = 2*d - 1350, d + 274 + 731 = 3*w. What is the highest common factor of w and 192?
48
Let q(o) = -3*o + 24. Let f(t) = -t**3 + 4*t**2 - 5*t - 2. Let u be f(3). Let p be q(u). What is the highest common divisor of p and 12?
12
Suppose 4*g - 684 = 3*r + 852, -r = -g + 384. What is the highest common factor of g and 12?
12
Let z(r) = -138*r - 3. Let q be z(-2). Let u = -86 + q. Suppose -4*p + 5*g + 53 = -0*g, 3*g = 2*p - 25. What is the greatest common divisor of u and p?
17
Let m be (4 - 8 - 0) + (-165)/(-1). Calculate the highest common factor of 46 and m.
23
Suppose 4*g - 20 = -g. Suppose g*v + 12 = 64. Suppose 9*y - 13*y + 460 = 2*x, 4*x = -16. What is the greatest common factor of y and v?
13
Let d(y) = -y**2 - 4 + 5 - 3*y + 11*y. Let g be d(8). What is the highest common divisor of 27 and g?
1
Suppose -5*g = -50 + 5. Suppose -3*h = -21 + 15. Let x be (-3 - -18 - h) + (-16)/4. Calculate the highest common factor of g and x.
9
Let p(z) = z**3 - 2*z**2 - 6*z - 3. Let x be p(4). Suppose 2*g + 37 = 4*j + g, -5*j + 65 = x*g. What is the highest common divisor of j and 90?
10
Let p = -94 - -132. Suppose -p + 20 = -s. What is the greatest common divisor of 6 and s?
6
Let i = 226 + -186. What is the highest common factor of i and 16?
8
Let c(q) = -3*q + 5. Let v be c(-6). Let t = v - 16. Suppose 3*u - t*u = -8. What is the greatest common factor of 5 and u?
1
Suppose -p = -4*m + 18, 3*m - 5*p - 18 = -2*p. Suppose m*i - 4*y + 15 - 43 = 0, -2 = -2*i - 2*y. Calculate the greatest common factor of i and 4.
4
Let c be (-4 + 29)*(-12)/(-2). Calculate the highest common divisor of 120 and c.
30
Suppose -3*n = 8*n + 44. Let z be 8 - ((-1)/n - (-6)/8). Calculate the greatest common divisor of z and 1.
1
Let x be (7/14)/((-5)/(-820)). Let l = 73 + 11. Suppose 2*y - l = -t - t, 5*y = 2*t + 203. What is the greatest common factor of y and x?
41
Let z be (-18)/4*(-3)/(-9)*-4. Let k(i) = 4*i - 11. Let c be k(z). Calculate the highest common divisor of c and 13.
13
Let z = -251 - -326. What is the greatest common divisor of 45 and z?
15
Let l be (12/15)/((-2)/(-5)). Let p be 14/l - (-10 + 8). What is the highest common divisor of 3 and p?
3
Suppose -4*r - 28 = 2*k, 0*k - r = 4*k + 56. Let n = 16 + k. Suppose 3*u = n*u + 20. What is the greatest common divisor of 30 and u?
10
Let z(n) = 8*n + 59. Let w be z(-6). Suppose 3*x - 23 + w = 0. Calculate the greatest common factor of 80 and x.
4
Suppose v + 3*w - 12 = 11, 5*w - 1 = v. Suppose -3*p - 2 = 4. Let f be 2/p + -2 + 157. What is the greatest common divisor of f and v?
14
Let x be -1 + (-2)/(4/38). Let w be ((-10)/x)/(2/384). Let l(d) = -4*d - 32. Let r be l(-11). What is the highest common divisor of w and r?
12
Let w = 11 + -9. Suppose -j + 5*f = 1, w*j + 3*j - 135 = -3*f. What is the greatest common factor of 3 and j?
3
Let q be (25/(-10))/((-30)/744). What is the highest common factor of 2108 and q?
62
Suppose -4*i + 2*i = 3*r - 356, 5*r = 5*i + 560. Let l be 2/(-3) - (-64)/(-12). Let t be (-1)/(-6) - 173/l. Calculate the highest common divisor of t and r.
29
Let s be -86*((-10)/(-20))/(1 + 0). Let o = s - -97. Calculate the highest common divisor of 18 and o.
18
Suppose -2 = -2*o, -3*o - 141 = -4*t + 872. Suppose 0*s - 3*s - 3*v + 390 = 0, 2*s + 5*v - t = 0. What is the greatest common divisor of s and 22?
22
Let c = -34 - -31. Let d be (-12)/(-4)*(4 + c). Let g be -2*2*(-18)/6. What is the greatest common factor of d and g?
3
Let h(j) = 11*j - 94. Let o be h(22). Let q = -84 + o. What is the greatest common factor of q and 16?
16
Suppose -11*a + 2 = -10*a. Suppose 0 = 2*c - 0*c - 4*x - 46, -4*c + 68 = -a*x. What is the greatest common factor of c and 5?
5
Let p be (-40)/(-3) - (-1)/(-3). Let z = 42 - 38. Suppose 5*q + z*f = 317, 54 + 5 = q + 3*f. What is the highest common divisor of p and q?
13
Let o = 20 + -11. Suppose 51 = l - o. What is the greatest common divisor of l and 12?
12
Suppose 3*z + 3*a - 48 = 0, -7 - 9 = -z + 3*a. What is the greatest common divisor of 16 and z?
16
Let j(u) = 7*u - 2. Let q be j(4). Suppose 0 = -2*l - 6*l + 624. Suppose -6*z - l = -12*z. Calculate the greatest common divisor of q and z.
13
Let f be 16/8*(1 - 0). Suppose -252 = -f*h + 4*z, -5*z + 1 = 26. What is the greatest common factor of h and 29?
29
Let w = 154 + -211. Let c = w + 93. What is the greatest common factor of c and 288?
36
Suppose -v = 4*p - 28, 0 = -4*p + 2*v - 5*v + 20. Let a be (-195)/(-26)*p/10. Let d = -9 - -15. What is the greatest common divisor of d and a?
6
Let u = -44 - -48. Let r be 6/u*(4 - 2). Calculate the highest common divisor of r and 9.
3
Let m = -3 - -9. Let v be ((-7)/(-2) - 0)*m. Calculate th